re the prime factors of 438139206?
2, 3, 100169
What are the prime factors of 15196855?
5, 41, 74131
List the prime factors of 490937023.
1153, 425791
What are the prime factors of 68682985?
5, 7, 397, 4943
What are the prime factors of 2065516497?
3, 11, 479, 14519
What are the prime factors of 1775408126?
2, 887704063
List the prime factors of 173012608.
2, 29, 127, 367
What are the prime factors of 401098084?
2, 593, 169097
List the prime factors of 3504927715.
5, 700985543
What are the prime factors of 1523364232?
2, 13, 103, 142211
What are the prime factors of 69215634?
2, 3, 29, 1637
What are the prime factors of 1651110582?
2, 3, 11, 2274257
What are the prime factors of 111873193?
111873193
List the prime factors of 71668647.
3, 827, 9629
What are the prime factors of 2731401044?
2, 682850261
What are the prime factors of 159309473?
283, 562931
What are the prime factors of 2259120130?
2, 5, 10891, 20743
What are the prime factors of 263833966?
2, 11, 23, 107, 443
List the prime factors of 1756523632.
2, 2131, 51517
List the prime factors of 44196070.
2, 5, 461, 9587
List the prime factors of 1474074864.
2, 3, 2857, 3583
List the prime factors of 23007427.
661, 34807
What are the prime factors of 102627628?
2, 25656907
List the prime factors of 2775908294.
2, 673, 2062339
What are the prime factors of 4678755039?
3, 7, 74265953
List the prime factors of 5459516317.
101, 331, 163307
What are the prime factors of 120400907?
11, 151, 173, 419
List the prime factors of 2016271783.
761, 2649503
What are the prime factors of 1600869626?
2, 800434813
List the prime factors of 738809099.
7, 105544157
What are the prime factors of 29455329?
3, 29, 338567
What are the prime factors of 4072197134?
2, 37, 1249, 44059
List the prime factors of 72691342.
2, 29, 31, 40429
What are the prime factors of 256771196?
2, 11, 17, 2837
List the prime factors of 56828561.
23, 53, 46619
What are the prime factors of 16116449?
16116449
What are the prime factors of 93596056?
2, 11699507
What are the prime factors of 2980155?
3, 5, 61, 3257
What are the prime factors of 100172670?
2, 3, 5, 13, 17, 29, 521
List the prime factors of 106578124.
2, 31, 53, 16217
List the prime factors of 91282174.
2, 251, 181837
List the prime factors of 817751502.
2, 3, 45430639
List the prime factors of 234183332.
2, 23, 43, 59197
List the prime factors of 591620084.
2, 11, 37, 363403
List the prime factors of 110968350.
2, 3, 5, 17, 43517
List the prime factors of 3119517793.
7, 19, 47, 79, 6317
List the prime factors of 2465691530.
2, 5, 246569153
What are the prime factors of 518686661?
151, 3435011
List the prime factors of 2747898413.
13, 641, 329761
What are the prime factors of 472575647?
47, 73, 137737
List the prime factors of 1911588575.
5, 13, 19, 23813
List the prime factors of 1432280906.
2, 7, 17, 6017987
List the prime factors of 18662796.
2, 3, 518411
List the prime factors of 626753382.
2, 3, 17, 127, 48383
List the prime factors of 968968289.
19, 50998331
What are the prime factors of 3510991?
11, 19, 107, 157
List the prime factors of 5382463.
5382463
What are the prime factors of 1613517861?
3, 537839287
List the prime factors of 261036830.
2, 5, 29, 337, 2671
List the prime factors of 1457950878.
2, 3, 80997271
List the prime factors of 953738454.
2, 3, 17, 569, 16433
List the prime factors of 160555330.
2, 5, 13, 1235041
List the prime factors of 5427230176.
2, 2269, 74747
What are the prime factors of 378589819?
378589819
What are the prime factors of 14155693?
59, 67, 3581
What are the prime factors of 21136225?
5, 11, 151, 509
List the prime factors of 44661172.
2, 19, 199, 2953
List the prime factors of 916957221.
3, 4733, 64579
List the prime factors of 358916968.
2, 44864621
List the prime factors of 7674008520.
2, 3, 5, 1621, 39451
What are the prime factors of 423973522?
2, 7, 173, 193, 907
List the prime factors of 4993687348.
2, 13, 53, 73, 24821
What are the prime factors of 3326641113?
3, 4733, 234287
List the prime factors of 2366212772.
2, 7, 11, 43, 53, 3371
What are the prime factors of 127319392?
2, 17, 234043
What are the prime factors of 76990629?
3, 113, 227111
List the prime factors of 238337328.
2, 3, 4965361
What are the prime factors of 1429852928?
2, 7, 31, 3677
What are the prime factors of 1392399874?
2, 293, 2376109
What are the prime factors of 188528424?
2, 3, 7, 23, 97, 503
List the prime factors of 24340129.
11, 419, 5281
List the prime factors of 957292156.
2, 113, 2117903
What are the prime factors of 496711022?
2, 271, 916441
List the prime factors of 138490086.
2, 3, 7, 3297383
What are the prime factors of 1144803614?
2, 307, 463, 4027
What are the prime factors of 1089995783?
17, 23, 41, 67993
List the prime factors of 1131599381.
11, 67, 97, 1439
List the prime factors of 132920573.
103, 1290491
List the prime factors of 52334139.
3, 11, 13, 43, 2837
What are the prime factors of 1618970372?
2, 37, 491, 22279
List the prime factors of 46809229.
53, 883193
What are the prime factors of 2100717894?
2, 3, 11, 173, 251, 733
List the prime factors of 284070141.
3, 31563349
What are the prime factors of 781935250?
2, 5, 1171, 2671
What are the prime factors of 64103931?
3, 2591, 2749
List the prime factors of 27113595.
3, 5, 47, 38459
List the prime factors of 415113524.
2, 7, 14825483
List the prime factors of 192983629.
101, 1910729
List the prime factors of 350407270.
2, 5, 569, 61583
What are the prime factors of 97412127?
3, 59, 550351
List the prime factors of 225898532.
2, 6761, 8353
List the prime factors of 124954482.
2, 3, 47, 223, 1987
List the prime factors of 317114793.
3, 59, 599, 997
What are the prime factors of 148510370?
2, 5, 14851037
What are the prime factors of 30875042?
2, 11, 1403411
List the prime factors of 642189982.
2, 7, 37, 25301
What are the prime factors of 111448249?
11, 109, 92951
List the prime factors of 110540452.
2, 11, 2512283
List the prime factors of 13294010.
2, 5, 1087, 1223
List the prime factors of 531227733.
3, 857, 206623
What are the prime factors of 276238910?
2, 5, 19, 1453889
What are the prime factors of 408998474?
2, 204499237
List the prime factors of 59529348.
2, 3, 59, 28027
What are the prime factors of 488222163?
3, 11, 13, 29, 103, 127
What are the prime factors of 1624309?
1624309
What are the prime factors of 511099837?
511099837
List the prime factors of 533017327.
533017327
What are the prime factors of 88798571?
19, 4673609
What are the prime factors of 134888260?
2, 5, 13, 518801
What are the prime factors of 3203372279?
19, 47, 3587203
What are the prime factors of 1228177523?
1228177523
List the prime factors of 1069544152.
2, 167, 800557
List the prime factors of 180074556.
2, 3, 1667357
What are the prime factors of 106159865?
5, 7, 29, 41, 2551
List the prime factors of 932271217.
211, 541, 8167
List the prime factors of 2222804291.
59, 37674649
What are the prime factors of 873450007?
19, 139, 163, 2029
What are the prime factors of 203413980?
2, 3, 5, 7, 11, 44029
What are the prime factors of 1434070499?
157, 9134207
List the prime factors of 308066213.
7, 13, 260411
What are the prime factors of 2581566170?
2, 5, 258156617
What are the prime factors of 570241?
7, 81463
List the prime factors of 1253237173.
1253237173
List the prime factors of 1268374358.
2, 109, 5818231
What are the prime factors of 74056370?
2, 5, 53, 139729
List the prime factors of 158027411.
23, 6870757
What are the prime factors of 5896665?
3, 5, 31, 1409
List the prime factors of 335594023.
211, 1590493
What are the prime factors of 2230701568?
2, 109, 39971
What are the prime factors of 87007152?
2, 3, 47, 38567
List the prime factors of 542642109.
3, 19, 9520037
List the prime factors of 43392772.
2, 17, 37537
List the prime factors of 5655531562.
2, 31, 101, 903151
List the prime factors of 728390270.
2, 5, 19, 79, 48527
What are the prime factors of 213532694?
2, 106766347
What are the prime factors of 1161792607?
1161792607
List the prime factors of 1447098623.
1447098623
List the prime factors of 38789907.
3, 13, 29, 34297
What are the prime factors of 65377001?
41, 109, 14629
What are the prime factors of 703170907?
703170907
What are the prime factors of 162203146?
2,